4, what is -25a61d2c - 4?
-25a61d32
In base 11, what is -486 + -30906?
-31291
In base 14, what is -16 + 2bb927?
2bb911
In base 2, what is -101 - 10011101111010001110010?
-10011101111010001110111
In base 16, what is 23049 - 1b?
2302e
In base 15, what is a5 - 9027b?
-901c6
In base 16, what is -f - 8b6f31?
-8b6f40
In base 2, what is 10110010 - -11110010111100011?
11110011010010101
In base 15, what is -14bd - 6863?
-7d31
In base 3, what is 101212022201 + -1200?
101212021001
In base 7, what is -20121006543 + -4?
-20121006550
In base 15, what is 1364677 + 5?
136467c
In base 2, what is 100010011001111110 - -11111?
100010011010011101
In base 8, what is 2201254 - -2?
2201256
In base 12, what is -153754 - -397?
-153379
In base 9, what is 0 - 76533083?
-76533083
In base 8, what is 233704 + 125?
234031
In base 15, what is 52ad7c + 20?
52ad9c
In base 3, what is 12 + 1012122212001120?
1012122212001202
In base 8, what is -11 - -7565655?
7565644
In base 15, what is 583a232 - -2?
583a234
In base 9, what is -116865 - -1474?
-115381
In base 2, what is -100 - 11010110111010111101?
-11010110111011000001
In base 11, what is -676 + 13579?
12a03
In base 13, what is 372 + 7527?
7899
In base 15, what is -39 + -b4dce?
-b4e18
In base 2, what is 10000110010000101001011111 + 110?
10000110010000101001100101
In base 2, what is 1101000 - 110110100101000?
-110110011000000
In base 13, what is -6a4c2 + -1b?
-6a510
In base 2, what is -1101110011 + -10001011000100100?
-10001100110010111
In base 16, what is 5 + -15a31e?
-15a319
In base 8, what is -2 - 25531040?
-25531042
In base 14, what is 1 - 344a4550?
-344a454d
In base 16, what is -226a4 + -6d?
-22711
In base 2, what is -1001000101 - 10000100?
-1011001001
In base 8, what is -12 - -63026707?
63026675
In base 11, what is -aa213079 - -5?
-aa213074
In base 10, what is 10770 - 70924?
-60154
In base 4, what is -11132 - 100202022?
-100213220
In base 5, what is -10 + 440301202?
440301142
In base 16, what is -6041 + -4ca?
-650b
In base 11, what is -2122737 - 5?
-2122741
In base 2, what is -10 - -1000101111000110110?
1000101111000110100
In base 3, what is 110 - -1120110010120100?
1120110010120210
In base 9, what is 213816 + -45?
213761
In base 12, what is 1b304 - -382a?
22b32
In base 12, what is 45 + 17487?
17510
In base 3, what is 100112102212210121 + -12?
100112102212210102
In base 10, what is 55 + 312009?
312064
In base 14, what is d18 + 336?
1250
In base 3, what is -1000220022211 + 201?
-1000220022010
In base 7, what is -34 + -22041524?
-22041561
In base 4, what is -30113 - 10321232?
-11012011
In base 7, what is 3156021 + 132?
3156153
In base 3, what is -12 + -11020010212022202?
-11020010212022221
In base 8, what is -35046 + -112771?
-150037
In base 16, what is -3 + -598fc5?
-598fc8
In base 8, what is 3 + 14652237?
14652242
In base 9, what is -85 + -282473?
-282568
In base 13, what is a7a618b + -11?
a7a617a
In base 10, what is 4 - 175957016?
-175957012
In base 3, what is 10121210110 - 122001?
10121011102
In base 9, what is 254 - 75630?
-75365
In base 11, what is 550548 + -18?
550530
In base 7, what is 430652 + -1455?
426164
In base 9, what is 45 - -687602?
687647
In base 16, what is -2d9b33 + 13?
-2d9b20
In base 11, what is -11323a + -19?
-113258
In base 3, what is 11111202 - 2111211?
1222221
In base 3, what is 11 + -102220110000000110?
-102220110000000022
In base 16, what is 50bf56 - 6?
50bf50
In base 4, what is 21322302 + -13130?
21303112
In base 11, what is -639689 - -5?
-639684
In base 15, what is -17e96a + 3?
-17e967
In base 13, what is -1106 - -2c8?
-b0b
In base 8, what is -1036637 + -170?
-1037027
In base 6, what is -400252503 + -5?
-400252512
In base 13, what is 19b84a + b?
19b858
In base 8, what is -236215677 - -10?
-236215667
In base 10, what is 4558758 + 23?
4558781
In base 10, what is 1469854 - 5?
1469849
In base 10, what is 178321 + -686?
177635
In base 15, what is 2606 - -6aa?
2cb1
In base 16, what is -32f + 11a9?
e7a
In base 9, what is -44026268 + 4?
-44026264
In base 15, what is 6 - -27a5c?
27a63
In base 5, what is -100 + -10221014243?
-10221014343
In base 16, what is -9 - 20469?
-20472
In base 15, what is -20e - 5a165?
-5a374
In base 9, what is 1433 - -37455?
38888
In base 3, what is 121 - 2100120210110?
-2100120202212
In base 2, what is -10010 - 10100010110110011100110?
-10100010110110011111000
In base 8, what is 1047445157 + 4?
1047445163
In base 3, what is -110202010202 - 1221?
-110202012200
In base 8, what is -36262 - 470?
-36752
In base 10, what is 23 - 10551188?
-10551165
In base 2, what is 110100000101100001111111000 - -11?
110100000101100001111111011
In base 12, what is -17683683 - -8?
-17683677
In base 2, what is -1001000110 - 10101111110011101?
-10110000111100011
In base 11, what is -1 - -28731a0?
287319a
In base 16, what is 29 - -3ab22f?
3ab258
In base 16, what is 263e + -177?
24c7
In base 3, what is 1112222101011 - 11200?
1112222012111
In base 6, what is 1044145453 + 2?
1044145455
In base 4, what is 1030331 + 132322222?
200013213
In base 7, what is -314551564 + 3?
-314551561
In base 10, what is -205 + 16620?
16415
In base 9, what is 2388766 + -23?
2388743
In base 15, what is 2 - 85ad5dd?
-85ad5db
In base 8, what is 2 + 17752245?
17752247
In base 15, what is 1 + 1e33708?
1e33709
In base 12, what is -3a - -239505?
239487
In base 14, what is 4 - -b61dbb?
b61dc1
In base 2, what is 1011000100010 - 1100110?
1010110111100
In base 6, what is -1153353 - -2213?
-1151140
In base 10, what is 177975 + -11?
177964
In base 16, what is -16585 - 412?
-16997
In base 10, what is -214049 - -291?
-213758
In base 3, what is -2011022122012200110 - -10?
-2011022122012200100
In base 11, what is -4128989 + -3?
-4128991
In base 10, what is 3684433 - 2?
3684431
In base 3, what is -1 + -1112211211111202?
-1112211211111210
In base 14, what is -699 + -3006b?
-30726
In base 7, what is 21310 - 314225?
-262615
In base 8, what is -2 + 135047163?
135047161
In base 4, what is 10 - 2231203030131?
-2231203030121
In base 12, what is -25130 - -10b?
-25021
In base 4, what is 103121 - 3132113?
-3022332
In base 16, what is 29 - -17b15f5?
17b161e
In base 13, what is -84961a8 + -5?
-84961b0
In base 13, what is -2 + 5447814?
5447812
In base 10, what is 18292 - -493?
18785
In base 6, what is 33242002 - -105?
33242111
In base 11, what is 2 - 704812a?
-7048128
In base 5, what is 0 - 14141042332?
-14141042332
In base 12, what is 5a1 - -22493?
22a74
In base 3, what is 1 - -2220021111002?
2220021111010
In base 15, what is -300 + 45e2?
42e2
In base 15, what is -4b5a7a - 3?
-4b5a7d
In base 16, what is 10d + 16891?
1699e
In base 15, what is 11790 + b85?
12425
In base 4, what is -3332331113 + -1110?
-3332332223
In base 3, what is 10011 + -21102211220?
-21102201202
In base 10, what is -1032048 - 5?
-1032053
In base 9, what is -223636 - 71?
-223717
In base 16, what is 39a - d4c?
-9b2
In base 12, what is 361 - -b6501?
b6862
In base 6, what is 332254531 + -15?
332254512
In base 8, what is -3575445 - 1664?
-3577331
In base 16, what is c9b6d4 + 2?
c9b6d6
In base 8, what is 33 - -1134702?
1134735
In base 5, what is 0 - -10204013240?
10204013240
In base 12, what is -499 + -4177?
-4654
In base 6, what is 102 + -10423145?
-10423043
In base 10, what is -8 + -444886?
-444894
In base 13, what is 12294b00 + 2?
12294b02
In base 16, what is 5 + -af29fc?
-af29f7
In base 14, what is 4b8d4 - 97c?
4ad56
In base 9, what is 17247141 + 26?
17247167
In base 5, what is 421444432 - 221?
421444211
In base 13, what is -91c - -290b?
1cbc
In base 13, what is 346cb - -915?
35313
In base 4, what is 1013310 + 3120211?
10200121
In base 11, what is 1849 - -2661?
43aa
In base 10, what is 306329 + 13?
306342
In base 2, what is 10001011 + -1010101101000001010?
-1010101100101111111
In base 2, what is 11011011010110000 + -111100?
11011011001110100
In base 3, what is 1000 - -1211001202010000?
1211001202011000
In base 12, what is -136 - -7774?
763a
In base 16, what is -4 - -149565f?
149565b
In base 4, what is -121222210010232 - 3?
-121222210010301
In base 15, what is 2d7d5 - 11?
2d7c4
In base 6, what is 25522442 + -31?
25522411
In base 7, what is 52042 + 5246?
60321
In base 13, what is -b17 - -4c74?
415a
In base 14, what is -4b + 102b305?
102b298
In base 13, what is -220b + -1a67?
-3c75
In base 9, 